{"id":47,"date":"2020-09-29T10:55:40","date_gmt":"2020-09-29T13:55:40","guid":{"rendered":"http:\/\/shoppingfernandopolis.com.br\/?page_id=47"},"modified":"2021-04-16T08:15:15","modified_gmt":"2021-04-16T11:15:15","slug":"shopping","status":"publish","type":"page","link":"http:\/\/shoppingfernandopolis.com.br\/?page_id=47","title":{"rendered":"O Shopping"},"content":{"rendered":"\r\n\r\n\r\n<h1 class=\"has-text-align-center\">Shopping Center Fernand\u00f3polis &#8211; Feito pra voc\u00ea!<\/h1>\r\n\r\n\r\n\r\n<p class=\"has-text-align-justify has-normal-font-size\">Inaugurado no dia 26 de Setembro de 1996, o Shopping Center Fernand\u00f3polis \u00e9 um dos maiores empreendimentos da regi\u00e3o noroeste de S\u00e3o Paulo. O grande sucesso da inaugura\u00e7\u00e3o se repete dia a dia, onde milhares de consumidores s\u00e3o nossos visitantes, mantendo um fluxo m\u00e9dio de 50 mil pessoas por semana.<\/p>\r\n<p class=\"has-text-align-center has-normal-font-size\">\r\n\r\n<\/p>\r\n<p class=\"has-text-align-justify has-normal-font-size\">Com o intuito de estender este sucesso a futuros investidores do Shopping Center Fernand\u00f3polis, apresentamos aqui o empreendimento que transformou a regi\u00e3o noroeste paulista e colocou Fernand\u00f3polis na rota comercial entre S\u00e3o Paulo, Minas Gerais, Mato Grosso do Sul e Goi\u00e1s, atraindo atualmente consumidores de cidades em um raio de cerca de 200 km.<\/p>\r\n<p class=\"has-text-align-center has-normal-font-size\">\r\n\r\n<\/p>\r\n<p class=\"has-text-align-justify has-normal-font-size\">A popula\u00e7\u00e3o regional, carente de um centro de compras, buscava outras cidades, onde existissem lojas de departamentos que suprissem seus desejos de consumo. O Shopping Center Fernand\u00f3polis est\u00e1 atendendo com vantagens todas essas necessidades.<\/p>\r\n<p class=\"has-text-align-center has-normal-font-size\">\r\n\r\n<\/p>\r\n<p class=\"has-text-align-justify has-normal-font-size\">Localizado estrategicamente na intersec\u00e7\u00e3o das rodovias Euclides da Cunha e \u00c1gua Vermelha, o Shopping Center Fernand\u00f3polis est\u00e1 pronto para acolher grandes investidores, devido a sua opul\u00eancia e f\u00e1cil acesso, uma vez que tr\u00eas grandes estados da federa\u00e7\u00e3o, Mato Grosso do Sul, Minas Gerais e Goi\u00e1s, est\u00e3o na sua \u00e1rea de influ\u00eancia. Afastado da concorr\u00eancia de outros centros comerciais, atende popula\u00e7\u00e3o superior a 600 mil habitantes.<\/p>\r\n<p class=\"has-text-align-center has-normal-font-size\">\r\n\r\n<\/p>\r\n<p class=\"has-text-align-center has-normal-font-size\">\r\n\r\n<\/p>\r\n<h3>\u00a0<\/h3>\r\n<h3 class=\"has-text-align-center\">Venha conhecer o Shopping Center Fernand\u00f3polis!<\/h3>\r\n<p class=\"has-text-align-center has-normal-font-size\"><div id=\"grid-gallery-2-30705\" data-gg-id=\"2\" data-title=\"Principal\" data-grid-type=\"0\" data-offset=\"\" data-area-position=\"center\" data-icons=\"false\" data-preloader=\"true\" data-width=\"300\" data-height=\"300\" data-padding=\"0\" data-quicksand=\"disabled\" data-quicksand-duration=\"none\" data-popup-theme=\"\" data-popup-image-text=\"data-description\" data-popup-widthsize=\"auto\" data-popup-heightsize=\"auto\" data-popup-i18n-words=\"{&quot;close&quot;:&quot;close&quot;,&quot;next&quot;:&quot;next&quot;,&quot;previous&quot;:&quot;previous&quot;,&quot;start_slideshow&quot;:&quot;start slideshow&quot;,&quot;stop_slideshow&quot;:&quot;stop slideshow&quot;,&quot;image&quot;:&quot;image&quot;,&quot;of&quot;:&quot;of&quot;,&quot;prev&quot;:&quot;prev&quot;,&quot;cExpand&quot;:&quot;Expand&quot;,&quot;cPrevious&quot;:&quot;Previous&quot;,&quot;cNext&quot;:&quot;Next&quot;,&quot;cExpandStr&quot;:&quot;Expand the image&quot;,&quot;cRotate&quot;:&quot;Rotate&quot;,&quot;cDetails&quot;:&quot;Details&quot;}\" data-popup-slideshow=\"false\" data-popup-slideshow-speed=\"2500\" data-popup-hoverstop=\"true\" data-popup-slideshow-auto=\"false\" data-popup-background=\"\" data-popup-transparency=\"30\" data-popup-disable-history=\"\" data-popup-disable-changed-url=\"\" data-popup-border-type=\"solid\" data-popup-border-color=\"\" data-popup-border-width=\"\" data-popup-border-enable=\"\" data-fullscreen=\"false\" data-hide-tooltip=\"true\" data-caption-font-family=\"Abel\" data-caption-text-size=\"px\" data-is-mobile=\"0\" data-caption-mobile=\"false\" data-hide-long-tltp-title=\"0\" data-caption-disabled-on-mobile=\"true\" data-popup-placement-type=\"0\" data-social-sharing=\"{&quot;enabled&quot;:&quot;&quot;,&quot;gallerySharing&quot;:{&quot;enabled&quot;:null,&quot;position&quot;:null},&quot;imageSharing&quot;:{&quot;enabled&quot;:null,&quot;wrapperClass&quot;:&quot; vertical \\n &quot;},&quot;popupSharing&quot;:{&quot;enabled&quot;:null,&quot;wrapperClass&quot;:&quot; vertical \\n &quot;}}\" class=\"grid-gallery grid-gallery-fixed \" style=\" width:px; height:auto ; margin-left:auto; margin-right:auto; position:relative;\" > <div class=\"gallery-loading\"> <div class=\"blocks\"> <div class=\"block\"><\/div> <div class=\"block\"><\/div> <div class=\"block\"><\/div> <div class=\"block\"><\/div> <\/div> <\/div> <div class=\"gallery-sharing-top\"><\/div> <div id=\"photos-2\" class=\"grid-gallery-photos \" > <a id=\"gg-2-16\" class=\"gg-link \" data-attachment-id=\"342\" href=\"http:\/\/shoppingfernandopolis.com.br\/wp-content\/uploads\/2020\/10\/10400773165def9b335ceed.jpg?gid=2\" target=\"_self\" rel=\"\" style=\"border-radius: px;\" ><FIGURE class=\"grid-gallery-caption \" data-grid-gallery-type=\"quarter-appear\" data-index=\"0\" style=\"display:none;border: px solid ; border-radius: px; ; margin: px; width:300px;\" ><div class=\"crop \" style=\" width:300px; height:300px; overflow:hidden; \"><img src=\"http:\/\/shoppingfernandopolis.com.br\/wp-content\/uploads\/2020\/10\/10400773165def9b335ceed-300x300.jpg\" class=\"ggImg\" alt=\"10400773165def9b335ceed\" data-description=\"10400773165def9b335ceed\" data-caption=\"10400773165def9b335ceed\" data-title=\"10400773165def9b335ceed\" style=\" width:300px; height:300px; \" \/><\/div><FIGCAPTION class=\"\" data-alpha=\"9\" style=\"color:; background-color:; font-size:px; text-align:left; font-family:Abel;\" ><div class=\"grid-gallery-figcaption-wrap\" style=\" vertical-align:top; \"><\/div><\/FIGCAPTION><\/FIGURE><\/a> <a id=\"gg-2-17\" class=\"gg-link \" data-attachment-id=\"341\" href=\"http:\/\/shoppingfernandopolis.com.br\/wp-content\/uploads\/2020\/10\/shp1.png?gid=2\" target=\"_self\" rel=\"\" style=\"border-radius: px;\" ><FIGURE class=\"grid-gallery-caption \" data-grid-gallery-type=\"quarter-appear\" data-index=\"1\" style=\"display:none;border: px solid ; border-radius: px; ; margin: px; width:300px;\" ><div class=\"crop \" style=\" width:300px; height:300px; overflow:hidden; \"><img src=\"http:\/\/shoppingfernandopolis.com.br\/wp-content\/uploads\/2020\/10\/shp1-300x300.png\" class=\"ggImg\" alt=\"shp1\" data-description=\"shp1\" data-caption=\"shp1\" data-title=\"shp1\" style=\" width:300px; height:300px; \" \/><\/div><FIGCAPTION class=\"\" data-alpha=\"9\" style=\"color:; background-color:; font-size:px; text-align:left; font-family:Abel;\" ><div class=\"grid-gallery-figcaption-wrap\" style=\" vertical-align:top; \"><\/div><\/FIGCAPTION><\/FIGURE><\/a> <a id=\"gg-2-18\" class=\"gg-link \" data-attachment-id=\"340\" href=\"http:\/\/shoppingfernandopolis.com.br\/wp-content\/uploads\/2020\/10\/11822281_943745669020600_8500159478533567328_n.jpg?gid=2\" target=\"_self\" rel=\"\" style=\"border-radius: px;\" ><FIGURE class=\"grid-gallery-caption \" data-grid-gallery-type=\"quarter-appear\" data-index=\"2\" style=\"display:none;border: px solid ; border-radius: px; ; margin: px; width:300px;\" ><div class=\"crop \" style=\" width:300px; height:300px; overflow:hidden; \"><img src=\"http:\/\/shoppingfernandopolis.com.br\/wp-content\/uploads\/2020\/10\/11822281_943745669020600_8500159478533567328_n-300x300.jpg\" class=\"ggImg\" alt=\"11822281_943745669020600_8500159478533567328_n\" data-description=\"11822281_943745669020600_8500159478533567328_n\" data-caption=\"11822281_943745669020600_8500159478533567328_n\" data-title=\"11822281_943745669020600_8500159478533567328_n\" style=\" width:300px; height:300px; \" \/><\/div><FIGCAPTION class=\"\" data-alpha=\"9\" style=\"color:; background-color:; font-size:px; text-align:left; font-family:Abel;\" ><div class=\"grid-gallery-figcaption-wrap\" style=\" vertical-align:top; \"><\/div><\/FIGCAPTION><\/FIGURE><\/a> <div class=\"grid-gallery-clearfix\"><\/div> <\/div> <div class=\"gallery-sharing-bottom\"><\/div> <div class=\"grid-gallery-clearfix\"><\/div> <\/div> <!-- Gallery by Supsystic plugin 1.15.1 --><br \/><\/p>\r\n<p>&nbsp;<\/p>","protected":false},"excerpt":{"rendered":"<p>Shopping Center Fernand\u00f3polis &#8211; Feito pra voc\u00ea! Inaugurado no dia 26 de Setembro de 1996, o Shopping Center Fernand\u00f3polis \u00e9 um dos maiores empreendimentos da regi\u00e3o noroeste de S\u00e3o Paulo. O grande sucesso da inaugura\u00e7\u00e3o se repete dia a dia, onde milhares de consumidores s\u00e3o nossos visitantes, mantendo um fluxo m\u00e9dio de 50 mil pessoas [&hellip;]<\/p>\n","protected":false},"author":1,"featured_media":339,"parent":0,"menu_order":0,"comment_status":"closed","ping_status":"closed","template":"","meta":[],"_links":{"self":[{"href":"http:\/\/shoppingfernandopolis.com.br\/index.php?rest_route=\/wp\/v2\/pages\/47"}],"collection":[{"href":"http:\/\/shoppingfernandopolis.com.br\/index.php?rest_route=\/wp\/v2\/pages"}],"about":[{"href":"http:\/\/shoppingfernandopolis.com.br\/index.php?rest_route=\/wp\/v2\/types\/page"}],"author":[{"embeddable":true,"href":"http:\/\/shoppingfernandopolis.com.br\/index.php?rest_route=\/wp\/v2\/users\/1"}],"replies":[{"embeddable":true,"href":"http:\/\/shoppingfernandopolis.com.br\/index.php?rest_route=%2Fwp%2Fv2%2Fcomments&post=47"}],"version-history":[{"count":38,"href":"http:\/\/shoppingfernandopolis.com.br\/index.php?rest_route=\/wp\/v2\/pages\/47\/revisions"}],"predecessor-version":[{"id":840,"href":"http:\/\/shoppingfernandopolis.com.br\/index.php?rest_route=\/wp\/v2\/pages\/47\/revisions\/840"}],"wp:featuredmedia":[{"embeddable":true,"href":"http:\/\/shoppingfernandopolis.com.br\/index.php?rest_route=\/wp\/v2\/media\/339"}],"wp:attachment":[{"href":"http:\/\/shoppingfernandopolis.com.br\/index.php?rest_route=%2Fwp%2Fv2%2Fmedia&parent=47"}],"curies":[{"name":"wp","href":"https:\/\/api.w.org\/{rel}","templated":true}]}}