{"id":474,"date":"2020-10-21T13:36:54","date_gmt":"2020-10-21T16:36:54","guid":{"rendered":"http:\/\/shoppingfernandopolis.com.br\/?page_id=474"},"modified":"2020-10-21T14:33:37","modified_gmt":"2020-10-21T17:33:37","slug":"cinema-2","status":"publish","type":"page","link":"http:\/\/shoppingfernandopolis.com.br\/?page_id=474","title":{"rendered":"Cinema"},"content":{"rendered":"<div class='container-fluid rt-tpg-container rt-tpg-container-353 ' data-sc-id='353' id='rt-tpg-container-964052060'><div class='rt-row rt-content-loader layout1'><style type='text\/css' media='all'>#rt-tpg-container-964052060 .rt-detail i,\n                        #rt-tpg-container-964052060 .rt-detail .post-meta-user a,\n                        #rt-tpg-container-964052060 .rt-detail .post-meta-category a{color:#0367bf;}body .rt-tpg-container .rt-tpg-isotope-buttons .selected{background-color:#0367bf;}#rt-tpg-container-964052060 .pagination li a,\n                #rt-tpg-container-964052060 .rt-tpg-isotope-buttons button,\n                #rt-tpg-container-964052060 .rt-detail .read-more a{background-color:#686868;}#rt-tpg-container-964052060 .pagination li a,\n                        #rt-tpg-container-964052060 .rt-tpg-isotope-buttons button,\n                        #rt-tpg-container-964052060 .rt-detail .read-more a{color:#f9f9f9;}<\/style><div class=\"rt-col-lg-3 rt-col-md-3 rt-col-sm-6 rt-col-xs-12 rt-equal-height\" data-id=\"4092\"><div class=\"rt-holder\"><div class=\"rt-img-holder\"><img class='img-responsive' src='http:\/\/shoppingfernandopolis.com.br\/wp-content\/uploads\/2026\/01\/Um-cara-bom-de-bola-2.jpg' alt='UM CABRA BOM DE BOLA (SONY)'><\/div> <div class=\"rt-detail\"><div class='post-content'><p>UM CABRA BOM DE BOLA (SONY) &#8211; 2D DUB<\/p>\n<p>ANIMA\u00c7\u00c3O &#8211; Livre &#8211; Dura\u00e7\u00e3o: 100min.<\/p>\n<p>S\u00e1b., Dom., Feriado &#8211; 14h10<\/p>\n<p><a href=\"https:\/\/www.grupocine.com.br\/fernandopolis\/filme\/16067\/um_cabra_bom_de_bola\">www.grupocine.com.br<\/a><\/p>\n<\/div><\/div><\/div><\/div><\/div><\/div>\n","protected":false},"excerpt":{"rendered":"","protected":false},"author":1,"featured_media":335,"parent":0,"menu_order":0,"comment_status":"closed","ping_status":"closed","template":"","meta":[],"_links":{"self":[{"href":"http:\/\/shoppingfernandopolis.com.br\/index.php?rest_route=\/wp\/v2\/pages\/474"}],"collection":[{"href":"http:\/\/shoppingfernandopolis.com.br\/index.php?rest_route=\/wp\/v2\/pages"}],"about":[{"href":"http:\/\/shoppingfernandopolis.com.br\/index.php?rest_route=\/wp\/v2\/types\/page"}],"author":[{"embeddable":true,"href":"http:\/\/shoppingfernandopolis.com.br\/index.php?rest_route=\/wp\/v2\/users\/1"}],"replies":[{"embeddable":true,"href":"http:\/\/shoppingfernandopolis.com.br\/index.php?rest_route=%2Fwp%2Fv2%2Fcomments&post=474"}],"version-history":[{"count":2,"href":"http:\/\/shoppingfernandopolis.com.br\/index.php?rest_route=\/wp\/v2\/pages\/474\/revisions"}],"predecessor-version":[{"id":484,"href":"http:\/\/shoppingfernandopolis.com.br\/index.php?rest_route=\/wp\/v2\/pages\/474\/revisions\/484"}],"wp:featuredmedia":[{"embeddable":true,"href":"http:\/\/shoppingfernandopolis.com.br\/index.php?rest_route=\/wp\/v2\/media\/335"}],"wp:attachment":[{"href":"http:\/\/shoppingfernandopolis.com.br\/index.php?rest_route=%2Fwp%2Fv2%2Fmedia&parent=474"}],"curies":[{"name":"wp","href":"https:\/\/api.w.org\/{rel}","templated":true}]}}